{"id":406,"date":"2023-11-08T19:08:37","date_gmt":"2023-11-08T19:08:37","guid":{"rendered":"https:\/\/villadealvarez.gob.mx\/ivj\/noticias\/?page_id=406"},"modified":"2023-11-08T19:08:37","modified_gmt":"2023-11-08T19:08:37","slug":"fraccion-xxxiv","status":"publish","type":"page","link":"https:\/\/villadealvarez.gob.mx\/ivj\/noticias\/fraccion-xxxiv\/","title":{"rendered":"Fracci\u00f3n XXXIV"},"content":{"rendered":"<p><span style=\"color: #3366ff;\"><strong>Fracci\u00f3n I:<\/strong><\/span><\/p>\n<p>El marco normativo aplicable al sujeto obligado, que deber\u00e1 incluir leyes, c\u00f3digos, reglamentos, decretos de creaci\u00f3n, manuales administrativos, reglas de operaci\u00f3n, criterios y pol\u00edticas, entre otros.<\/p>\n<ul>\n<li><strong><span style=\"color: #3366ff;\">2022<\/span><\/strong><a href=\"https:\/\/villadealvarez.gob.mx\/ivj\/noticias\/wp-content\/uploads\/2023\/11\/RELACION-DE-BIENES-MUEBLES-E-INMUEBLES.pdf\"><img loading=\"lazy\" decoding=\"async\" class=\"alignnone wp-image-78\" src=\"https:\/\/villadealvarez.gob.mx\/ivj\/noticias\/wp-content\/uploads\/2022\/09\/\u2014Pngtree\u2014cloud-download-free-buckle-png_4670481-300x300.png\" alt=\"\" width=\"63\" height=\"63\" srcset=\"https:\/\/villadealvarez.gob.mx\/ivj\/noticias\/wp-content\/uploads\/2022\/09\/\u2014Pngtree\u2014cloud-download-free-buckle-png_4670481-300x300.png 300w, https:\/\/villadealvarez.gob.mx\/ivj\/noticias\/wp-content\/uploads\/2022\/09\/\u2014Pngtree\u2014cloud-download-free-buckle-png_4670481-150x150.png 150w, https:\/\/villadealvarez.gob.mx\/ivj\/noticias\/wp-content\/uploads\/2022\/09\/\u2014Pngtree\u2014cloud-download-free-buckle-png_4670481.png 500w\" sizes=\"auto, (max-width: 63px) 100vw, 63px\" \/><\/a><\/li>\n<\/ul>\n","protected":false},"excerpt":{"rendered":"<p>Fracci\u00f3n I: El marco normativo aplicable al sujeto obligado, que deber\u00e1 incluir leyes, c\u00f3digos, reglamentos, decretos de creaci\u00f3n, manuales administrativos, reglas de operaci\u00f3n, criterios y pol\u00edticas, entre otros. 2022<\/p>\n","protected":false},"author":2,"featured_media":0,"parent":0,"menu_order":0,"comment_status":"closed","ping_status":"closed","template":"","meta":{"footnotes":""},"class_list":["post-406","page","type-page","status-publish","hentry"],"_links":{"self":[{"href":"https:\/\/villadealvarez.gob.mx\/ivj\/noticias\/wp-json\/wp\/v2\/pages\/406","targetHints":{"allow":["GET"]}}],"collection":[{"href":"https:\/\/villadealvarez.gob.mx\/ivj\/noticias\/wp-json\/wp\/v2\/pages"}],"about":[{"href":"https:\/\/villadealvarez.gob.mx\/ivj\/noticias\/wp-json\/wp\/v2\/types\/page"}],"author":[{"embeddable":true,"href":"https:\/\/villadealvarez.gob.mx\/ivj\/noticias\/wp-json\/wp\/v2\/users\/2"}],"replies":[{"embeddable":true,"href":"https:\/\/villadealvarez.gob.mx\/ivj\/noticias\/wp-json\/wp\/v2\/comments?post=406"}],"version-history":[{"count":1,"href":"https:\/\/villadealvarez.gob.mx\/ivj\/noticias\/wp-json\/wp\/v2\/pages\/406\/revisions"}],"predecessor-version":[{"id":408,"href":"https:\/\/villadealvarez.gob.mx\/ivj\/noticias\/wp-json\/wp\/v2\/pages\/406\/revisions\/408"}],"wp:attachment":[{"href":"https:\/\/villadealvarez.gob.mx\/ivj\/noticias\/wp-json\/wp\/v2\/media?parent=406"}],"curies":[{"name":"wp","href":"https:\/\/api.w.org\/{rel}","templated":true}]}}